{"id":2623,"date":"2016-04-07T21:04:45","date_gmt":"2016-04-07T19:04:45","guid":{"rendered":"https:\/\/fsdata.se\/manualer\/?page_id=2623"},"modified":"2016-04-07T21:05:08","modified_gmt":"2016-04-07T19:05:08","slug":"linux","status":"publish","type":"page","link":"https:\/\/legacy.fsdata.se\/manualer\/hemsida\/linux\/","title":{"rendered":"Linux"},"content":{"rendered":"<ul><li class=\"page_item page-item-1430\"><a href=\"https:\/\/legacy.fsdata.se\/manualer\/hemsida\/linux\/hur-schemalagger-jag-korning-av-ett-program-crontab\/\">Hur schemal\u00e4gger jag k\u00f6rning av ett program (crontab)?<\/a><\/li>\n<li class=\"page_item page-item-1597\"><a href=\"https:\/\/legacy.fsdata.se\/manualer\/hemsida\/linux\/php-via-en-terminal-php-cli\/\">PHP via en terminal (PHP-CLI)<\/a><\/li>\n<li class=\"page_item page-item-1663\"><a href=\"https:\/\/legacy.fsdata.se\/manualer\/hemsida\/linux\/301-redirect-med-htaccess\/\">301 Redirect med .htaccess<\/a><\/li>\n<li class=\"page_item page-item-1665\"><a href=\"https:\/\/legacy.fsdata.se\/manualer\/hemsida\/linux\/kataloglistning\/\">Kataloglistning<\/a><\/li>\n<li class=\"page_item page-item-1871\"><a href=\"https:\/\/legacy.fsdata.se\/manualer\/hemsida\/linux\/inaktivera-magic-quotes\/\">Inaktivera Magic Quotes<\/a><\/li>\n<li class=\"page_item page-item-2375\"><a href=\"https:\/\/legacy.fsdata.se\/manualer\/hemsida\/linux\/utoka-mojligheten-att-ladda-upp-storre-filer-med-htaccess\/\">Ut\u00f6ka m\u00f6jligheten att ladda upp st\u00f6rre filer med .htaccess<\/a><\/li>\n<\/ul>\n","protected":false},"excerpt":{"rendered":"","protected":false},"author":5,"featured_media":0,"parent":2574,"menu_order":0,"comment_status":"closed","ping_status":"closed","template":"","meta":{"_genesis_hide_title":false,"_genesis_hide_breadcrumbs":false,"_genesis_hide_singular_image":false,"_genesis_hide_footer_widgets":false,"_genesis_custom_body_class":"","_genesis_custom_post_class":"","_genesis_layout":""},"_links":{"self":[{"href":"https:\/\/legacy.fsdata.se\/manualer\/wp-json\/wp\/v2\/pages\/2623"}],"collection":[{"href":"https:\/\/legacy.fsdata.se\/manualer\/wp-json\/wp\/v2\/pages"}],"about":[{"href":"https:\/\/legacy.fsdata.se\/manualer\/wp-json\/wp\/v2\/types\/page"}],"author":[{"embeddable":true,"href":"https:\/\/legacy.fsdata.se\/manualer\/wp-json\/wp\/v2\/users\/5"}],"replies":[{"embeddable":true,"href":"https:\/\/legacy.fsdata.se\/manualer\/wp-json\/wp\/v2\/comments?post=2623"}],"version-history":[{"count":1,"href":"https:\/\/legacy.fsdata.se\/manualer\/wp-json\/wp\/v2\/pages\/2623\/revisions"}],"predecessor-version":[{"id":2624,"href":"https:\/\/legacy.fsdata.se\/manualer\/wp-json\/wp\/v2\/pages\/2623\/revisions\/2624"}],"up":[{"embeddable":true,"href":"https:\/\/legacy.fsdata.se\/manualer\/wp-json\/wp\/v2\/pages\/2574"}],"wp:attachment":[{"href":"https:\/\/legacy.fsdata.se\/manualer\/wp-json\/wp\/v2\/media?parent=2623"}],"curies":[{"name":"wp","href":"https:\/\/api.w.org\/{rel}","templated":true}]}}